{"id":99382,"date":"2026-06-25T13:00:21","date_gmt":"2026-06-25T11:00:21","guid":{"rendered":"https:\/\/bachipedia.org\/?post_type=kantate&#038;p=99382"},"modified":"2026-07-02T09:46:57","modified_gmt":"2026-07-02T07:46:57","slug":"lasst-uns-sorgen-lasst-uns-wachen","status":"publish","type":"kantate","link":"https:\/\/bachipedia.org\/es\/werke\/lasst-uns-sorgen-lasst-uns-wachen\/","title":{"rendered":"La\u00dft uns sorgen, la\u00dft uns wachen"},"content":{"rendered":"<p class=\"description\">(Cuidemos y vigilemos) cantata de felicitaci\u00f3n con motivo del cumplea\u00f1os de Federico Cristi\u00e1n, pr\u00edncipe elector de Sajonia (dramma per musica), para soprano, alto, tenor y bajo, conjunto vocal, oboes I y II y oboe d\u2019amore, corni da caccia I y II, cuerdas y bajo continuo<\/p>\n","protected":false},"excerpt":{"rendered":"<p>(Cuidemos y vigilemos) cantata de felicitaci\u00f3n con motivo del cumplea\u00f1os de Federico Cristi\u00e1n, pr\u00edncipe elector de Sajonia (dramma per musica), para soprano, alto, tenor y bajo, conjunto vocal, oboes I y II y oboe d\u2019amore, corni da caccia I y II, cuerdas y bajo continuo<\/p>\n","protected":false},"featured_media":99392,"template":"","meta":{"_acf_changed":false,"_relevanssi_hide_post":"","_relevanssi_hide_content":"","_relevanssi_pin_for_all":"","_relevanssi_pin_keywords":"","_relevanssi_unpin_keywords":"","_relevanssi_related_keywords":"","_relevanssi_related_include_ids":"","_relevanssi_related_exclude_ids":"","_relevanssi_related_no_append":"","_relevanssi_related_not_related":"","_relevanssi_related_posts":"","_relevanssi_noindex_reason":""},"altus":[6393],"bass":[8767],"bwv":[8761],"kantatenname":[],"referent":[8766],"sonntag":[5672],"sopran":[6448],"tenor":[6522],"class_list":["post-99382","kantate","type-kantate","status-publish","has-post-thumbnail","hentry","altus-alex-potter","bass-martins-israel","bwv-8761","referent-schulz-matthias","sonntag-85-cantata-profana","sopran-miriam-feuersinger","tenor-poplutz-georg"],"acf":[],"_links":{"self":[{"href":"https:\/\/bachipedia.org\/es\/wp-json\/wp\/v2\/kantate\/99382","targetHints":{"allow":["GET"]}}],"collection":[{"href":"https:\/\/bachipedia.org\/es\/wp-json\/wp\/v2\/kantate"}],"about":[{"href":"https:\/\/bachipedia.org\/es\/wp-json\/wp\/v2\/types\/kantate"}],"wp:featuredmedia":[{"embeddable":true,"href":"https:\/\/bachipedia.org\/es\/wp-json\/wp\/v2\/media\/99392"}],"wp:attachment":[{"href":"https:\/\/bachipedia.org\/es\/wp-json\/wp\/v2\/media?parent=99382"}],"wp:term":[{"taxonomy":"altus","embeddable":true,"href":"https:\/\/bachipedia.org\/es\/wp-json\/wp\/v2\/altus?post=99382"},{"taxonomy":"bass","embeddable":true,"href":"https:\/\/bachipedia.org\/es\/wp-json\/wp\/v2\/bass?post=99382"},{"taxonomy":"bwv","embeddable":true,"href":"https:\/\/bachipedia.org\/es\/wp-json\/wp\/v2\/bwv?post=99382"},{"taxonomy":"kantatenname","embeddable":true,"href":"https:\/\/bachipedia.org\/es\/wp-json\/wp\/v2\/kantatenname?post=99382"},{"taxonomy":"referent","embeddable":true,"href":"https:\/\/bachipedia.org\/es\/wp-json\/wp\/v2\/referent?post=99382"},{"taxonomy":"sonntag","embeddable":true,"href":"https:\/\/bachipedia.org\/es\/wp-json\/wp\/v2\/sonntag?post=99382"},{"taxonomy":"sopran","embeddable":true,"href":"https:\/\/bachipedia.org\/es\/wp-json\/wp\/v2\/sopran?post=99382"},{"taxonomy":"tenor","embeddable":true,"href":"https:\/\/bachipedia.org\/es\/wp-json\/wp\/v2\/tenor?post=99382"}],"curies":[{"name":"wp","href":"https:\/\/api.w.org\/{rel}","templated":true}]}}

Laßt uns sorgen, laßt uns wachen

<p class="description">(Cuidemos y vigilemos) cantata de felicitación con motivo del cumpleaños de Federico Cristián, príncipe elector de Sajonia (dramma per musica), para soprano, alto, tenor y bajo, conjunto vocal, oboes I y II y oboe d’amore, corni da caccia I y II, cuerdas y bajo continuo</p>

<p>(Cuidemos y vigilemos) cantata de felicitación con motivo del cumpleaños de Federico Cristián, príncipe elector de Sajonia (dramma per musica), para soprano, alto, tenor y bajo, conjunto vocal, oboes I y II y oboe d’amore, corni da caccia I y II, cuerdas y bajo continuo</p>
